{"id":148,"date":"2021-11-09T00:06:39","date_gmt":"2021-11-09T00:06:39","guid":{"rendered":"https:\/\/demoniomuebles.com.ar\/?post_type=product&#038;p=148"},"modified":"2025-12-11T17:58:24","modified_gmt":"2025-12-11T17:58:24","slug":"duo-paraiso-grande","status":"publish","type":"product","link":"https:\/\/demoniomuebles.com.ar\/?product=duo-paraiso-grande","title":{"rendered":"Duo Paraiso Grande"},"content":{"rendered":"<p>80cm de di\u00e1metro x 40cm de alto<\/p>\n<p>y 60cm de di\u00e1metro por 50cm de alto<\/p>\n<p>Hidrolaca semi mate incolora<\/p>\n<p>Hecho a Mano<\/p>\n<p>Fabricaci\u00f3n Propia<\/p>\n<p>A015<\/p>\n","protected":false},"excerpt":{"rendered":"<p>80cm de di\u00e1metro x 40cm de alto y 60cm de di\u00e1metro por 50cm de alto Hidrolaca semi mate incolora Hecho a Mano Fabricaci\u00f3n Propia A015<\/p>\n","protected":false},"featured_media":1201,"template":"","meta":{"om_disable_all_campaigns":false,"_monsterinsights_skip_tracking":false,"_monsterinsights_sitenote_active":false,"_monsterinsights_sitenote_note":"","_monsterinsights_sitenote_category":0},"product_brand":[],"product_cat":[21,33],"product_tag":[],"class_list":{"0":"post-148","1":"product","2":"type-product","3":"status-publish","4":"has-post-thumbnail","6":"product_cat-mesa","7":"product_cat-ratona","8":"wpbf-post","11":"instock","12":"shipping-taxable","13":"purchasable","14":"product-type-simple"},"_links":{"self":[{"href":"https:\/\/demoniomuebles.com.ar\/index.php?rest_route=\/wp\/v2\/product\/148","targetHints":{"allow":["GET"]}}],"collection":[{"href":"https:\/\/demoniomuebles.com.ar\/index.php?rest_route=\/wp\/v2\/product"}],"about":[{"href":"https:\/\/demoniomuebles.com.ar\/index.php?rest_route=\/wp\/v2\/types\/product"}],"wp:featuredmedia":[{"embeddable":true,"href":"https:\/\/demoniomuebles.com.ar\/index.php?rest_route=\/wp\/v2\/media\/1201"}],"wp:attachment":[{"href":"https:\/\/demoniomuebles.com.ar\/index.php?rest_route=%2Fwp%2Fv2%2Fmedia&parent=148"}],"wp:term":[{"taxonomy":"product_brand","embeddable":true,"href":"https:\/\/demoniomuebles.com.ar\/index.php?rest_route=%2Fwp%2Fv2%2Fproduct_brand&post=148"},{"taxonomy":"product_cat","embeddable":true,"href":"https:\/\/demoniomuebles.com.ar\/index.php?rest_route=%2Fwp%2Fv2%2Fproduct_cat&post=148"},{"taxonomy":"product_tag","embeddable":true,"href":"https:\/\/demoniomuebles.com.ar\/index.php?rest_route=%2Fwp%2Fv2%2Fproduct_tag&post=148"}],"curies":[{"name":"wp","href":"https:\/\/api.w.org\/{rel}","templated":true}]}}