{"id":1506,"date":"2024-05-10T20:42:29","date_gmt":"2024-05-10T20:42:29","guid":{"rendered":"https:\/\/demoniomuebles.com.ar\/?post_type=product&#038;p=1506"},"modified":"2025-12-11T17:59:17","modified_gmt":"2025-12-11T17:59:17","slug":"mesa-paraiso-1m","status":"publish","type":"product","link":"https:\/\/demoniomuebles.com.ar\/?product=mesa-paraiso-1m","title":{"rendered":"Mesa Paraiso 1m"},"content":{"rendered":"<p>Mesa cocina comedor<\/p>\n<p>1m de di\u00e1metro<\/p>\n<p>Full para\u00edso<\/p>\n<p>Pulida Base de hidrolaca semi mate incolora<\/p>\n<p>Reborde de 36mm<\/p>\n<p>Pata x al piso con terminaci\u00f3n de categor\u00eda en los v\u00e9rtices<\/p>\n<p>Hecho a Mano<\/p>\n<p>Directo de F\u00e1brica<\/p>\n<p>A037<\/p>\n","protected":false},"excerpt":{"rendered":"<p>Mesa cocina comedor 1m de di\u00e1metro Full para\u00edso Pulida Base de hidrolaca semi mate incolora Reborde de 36mm Pata x al piso con terminaci\u00f3n de categor\u00eda en los v\u00e9rtices Hecho a Mano Directo de F\u00e1brica A037<\/p>\n","protected":false},"featured_media":1507,"template":"","meta":{"om_disable_all_campaigns":false,"_monsterinsights_skip_tracking":false,"_monsterinsights_sitenote_active":false,"_monsterinsights_sitenote_note":"","_monsterinsights_sitenote_category":0},"product_brand":[],"product_cat":[30,21],"product_tag":[],"class_list":{"0":"post-1506","1":"product","2":"type-product","3":"status-publish","4":"has-post-thumbnail","6":"product_cat-cocina-comedor","7":"product_cat-mesa","8":"wpbf-post","11":"instock","12":"shipping-taxable","13":"purchasable","14":"product-type-simple"},"_links":{"self":[{"href":"https:\/\/demoniomuebles.com.ar\/index.php?rest_route=\/wp\/v2\/product\/1506","targetHints":{"allow":["GET"]}}],"collection":[{"href":"https:\/\/demoniomuebles.com.ar\/index.php?rest_route=\/wp\/v2\/product"}],"about":[{"href":"https:\/\/demoniomuebles.com.ar\/index.php?rest_route=\/wp\/v2\/types\/product"}],"wp:featuredmedia":[{"embeddable":true,"href":"https:\/\/demoniomuebles.com.ar\/index.php?rest_route=\/wp\/v2\/media\/1507"}],"wp:attachment":[{"href":"https:\/\/demoniomuebles.com.ar\/index.php?rest_route=%2Fwp%2Fv2%2Fmedia&parent=1506"}],"wp:term":[{"taxonomy":"product_brand","embeddable":true,"href":"https:\/\/demoniomuebles.com.ar\/index.php?rest_route=%2Fwp%2Fv2%2Fproduct_brand&post=1506"},{"taxonomy":"product_cat","embeddable":true,"href":"https:\/\/demoniomuebles.com.ar\/index.php?rest_route=%2Fwp%2Fv2%2Fproduct_cat&post=1506"},{"taxonomy":"product_tag","embeddable":true,"href":"https:\/\/demoniomuebles.com.ar\/index.php?rest_route=%2Fwp%2Fv2%2Fproduct_tag&post=1506"}],"curies":[{"name":"wp","href":"https:\/\/api.w.org\/{rel}","templated":true}]}}