{"id":1961,"date":"2025-04-03T18:55:59","date_gmt":"2025-04-03T18:55:59","guid":{"rendered":"https:\/\/demoniomuebles.com.ar\/?post_type=product&#038;p=1961"},"modified":"2025-12-11T17:59:40","modified_gmt":"2025-12-11T17:59:40","slug":"mesa-arrime-80cm","status":"publish","type":"product","link":"https:\/\/demoniomuebles.com.ar\/?product=mesa-arrime-80cm","title":{"rendered":"Mesa Arrime 80cm"},"content":{"rendered":"<p>Mesa de arrime full paraiso<\/p>\n<p>80cm de di\u00e1metro x 75cm de alto<\/p>\n<p>Reborde de 36mm Pulida<\/p>\n<p>Base hidrolaca semi mate incolora<\/p>\n<p>Terminaci\u00f3n de categor\u00eda estilo petit .<\/p>\n<p>Pata maciza paraiso.<\/p>\n<p>Tapa enchapada en paraiso natural.<\/p>\n","protected":false},"excerpt":{"rendered":"<p>Mesa de arrime full paraiso 80cm de di\u00e1metro x 75cm de alto Reborde de 36mm Pulida Base hidrolaca semi mate incolora Terminaci\u00f3n de categor\u00eda estilo petit . Pata maciza paraiso. Tapa enchapada en paraiso natural.<\/p>\n","protected":false},"featured_media":1962,"template":"","meta":{"om_disable_all_campaigns":false,"_monsterinsights_skip_tracking":false,"_monsterinsights_sitenote_active":false,"_monsterinsights_sitenote_note":"","_monsterinsights_sitenote_category":0},"product_brand":[],"product_cat":[31,21],"product_tag":[],"class_list":{"0":"post-1961","1":"product","2":"type-product","3":"status-publish","4":"has-post-thumbnail","6":"product_cat-arrime","7":"product_cat-mesa","8":"wpbf-post","11":"instock","12":"shipping-taxable","13":"purchasable","14":"product-type-simple"},"_links":{"self":[{"href":"https:\/\/demoniomuebles.com.ar\/index.php?rest_route=\/wp\/v2\/product\/1961","targetHints":{"allow":["GET"]}}],"collection":[{"href":"https:\/\/demoniomuebles.com.ar\/index.php?rest_route=\/wp\/v2\/product"}],"about":[{"href":"https:\/\/demoniomuebles.com.ar\/index.php?rest_route=\/wp\/v2\/types\/product"}],"wp:featuredmedia":[{"embeddable":true,"href":"https:\/\/demoniomuebles.com.ar\/index.php?rest_route=\/wp\/v2\/media\/1962"}],"wp:attachment":[{"href":"https:\/\/demoniomuebles.com.ar\/index.php?rest_route=%2Fwp%2Fv2%2Fmedia&parent=1961"}],"wp:term":[{"taxonomy":"product_brand","embeddable":true,"href":"https:\/\/demoniomuebles.com.ar\/index.php?rest_route=%2Fwp%2Fv2%2Fproduct_brand&post=1961"},{"taxonomy":"product_cat","embeddable":true,"href":"https:\/\/demoniomuebles.com.ar\/index.php?rest_route=%2Fwp%2Fv2%2Fproduct_cat&post=1961"},{"taxonomy":"product_tag","embeddable":true,"href":"https:\/\/demoniomuebles.com.ar\/index.php?rest_route=%2Fwp%2Fv2%2Fproduct_tag&post=1961"}],"curies":[{"name":"wp","href":"https:\/\/api.w.org\/{rel}","templated":true}]}}