{"id":2217,"date":"2025-05-12T18:16:00","date_gmt":"2025-05-12T18:16:00","guid":{"rendered":"https:\/\/demoniomuebles.com.ar\/?post_type=product&#038;p=2217"},"modified":"2026-04-22T20:04:51","modified_gmt":"2026-04-22T20:04:51","slug":"camastro-redondo-80cm","status":"publish","type":"product","link":"https:\/\/demoniomuebles.com.ar\/?product=camastro-redondo-80cm","title":{"rendered":"Camastro Redondo 80cm"},"content":{"rendered":"<p>Camastro redondo 80cm de di\u00e1metro<\/p>\n<p>Ca\u00f1o estructural 2cmx2cm<\/p>\n<p>Regatones<\/p>\n<p>24cm de altura al asiento<\/p>\n<p>61cm de altura al respaldo<\/p>\n<p>Env\u00edo a todo El pa\u00eds \ud83c\udde6\ud83c\uddf7<\/p>\n<p>No incluye almohadones.<\/p>\n","protected":false},"excerpt":{"rendered":"<p>Camastro redondo 80cm de di\u00e1metro Ca\u00f1o estructural 2cmx2cm Regatones 24cm de altura al asiento 61cm de altura al respaldo Env\u00edo a todo El pa\u00eds \ud83c\udde6\ud83c\uddf7 No incluye almohadones.<\/p>\n","protected":false},"featured_media":2286,"template":"","meta":{"om_disable_all_campaigns":false,"_monsterinsights_skip_tracking":false,"_monsterinsights_sitenote_active":false,"_monsterinsights_sitenote_note":"","_monsterinsights_sitenote_category":0},"product_brand":[],"product_cat":[39],"product_tag":[],"class_list":{"0":"post-2217","1":"product","2":"type-product","3":"status-publish","4":"has-post-thumbnail","6":"product_cat-sillon","7":"wpbf-post","10":"instock","11":"shipping-taxable","12":"purchasable","13":"product-type-simple"},"_links":{"self":[{"href":"https:\/\/demoniomuebles.com.ar\/index.php?rest_route=\/wp\/v2\/product\/2217","targetHints":{"allow":["GET"]}}],"collection":[{"href":"https:\/\/demoniomuebles.com.ar\/index.php?rest_route=\/wp\/v2\/product"}],"about":[{"href":"https:\/\/demoniomuebles.com.ar\/index.php?rest_route=\/wp\/v2\/types\/product"}],"wp:featuredmedia":[{"embeddable":true,"href":"https:\/\/demoniomuebles.com.ar\/index.php?rest_route=\/wp\/v2\/media\/2286"}],"wp:attachment":[{"href":"https:\/\/demoniomuebles.com.ar\/index.php?rest_route=%2Fwp%2Fv2%2Fmedia&parent=2217"}],"wp:term":[{"taxonomy":"product_brand","embeddable":true,"href":"https:\/\/demoniomuebles.com.ar\/index.php?rest_route=%2Fwp%2Fv2%2Fproduct_brand&post=2217"},{"taxonomy":"product_cat","embeddable":true,"href":"https:\/\/demoniomuebles.com.ar\/index.php?rest_route=%2Fwp%2Fv2%2Fproduct_cat&post=2217"},{"taxonomy":"product_tag","embeddable":true,"href":"https:\/\/demoniomuebles.com.ar\/index.php?rest_route=%2Fwp%2Fv2%2Fproduct_tag&post=2217"}],"curies":[{"name":"wp","href":"https:\/\/api.w.org\/{rel}","templated":true}]}}