{"id":2292,"date":"2025-06-11T18:35:17","date_gmt":"2025-06-11T18:35:17","guid":{"rendered":"https:\/\/demoniomuebles.com.ar\/?post_type=product&#038;p=2292"},"modified":"2026-04-22T20:04:55","modified_gmt":"2026-04-22T20:04:55","slug":"almohadon-80cm-lona-nautica-crudo","status":"publish","type":"product","link":"https:\/\/demoniomuebles.com.ar\/?product=almohadon-80cm-lona-nautica-crudo","title":{"rendered":"Almohadon 80cm Lona N\u00e1utica Crudo"},"content":{"rendered":"<p>Almohadon 80cm de di\u00e1metro<\/p>\n<p>lona n\u00e1utica crudo<\/p>\n<p>Descripci\u00f3n<\/p>\n<p>Almohadon en Copos<\/p>\n<p>Lona n\u00e1utica crudo<\/p>\n<p>Apto interior y exterior<\/p>\n<p>80cm de di\u00e1metro x 10cm.de alto<\/p>\n<p>No toma temperatura al sol<\/p>\n<p>Lavar en lavadora<\/p>\n<p>Sierre cubierto<\/p>\n<p>Venta Mayorista y Minorista<\/p>\n<p>Env\u00edo a todo el pa\u00eds<\/p>\n","protected":false},"excerpt":{"rendered":"<p>Almohadon 80cm de di\u00e1metro lona n\u00e1utica crudo Descripci\u00f3n Almohadon en Copos Lona n\u00e1utica crudo Apto interior y exterior 80cm de di\u00e1metro x 10cm.de alto No toma temperatura al sol Lavar en lavadora Sierre cubierto Venta Mayorista y Minorista Env\u00edo a todo el pa\u00eds<\/p>\n","protected":false},"featured_media":2296,"template":"","meta":{"om_disable_all_campaigns":false,"_monsterinsights_skip_tracking":false,"_monsterinsights_sitenote_active":false,"_monsterinsights_sitenote_note":"","_monsterinsights_sitenote_category":0},"product_brand":[],"product_cat":[55],"product_tag":[],"class_list":{"0":"post-2292","1":"product","2":"type-product","3":"status-publish","4":"has-post-thumbnail","6":"product_cat-almohadones","7":"wpbf-post","10":"instock","11":"shipping-taxable","12":"purchasable","13":"product-type-simple"},"_links":{"self":[{"href":"https:\/\/demoniomuebles.com.ar\/index.php?rest_route=\/wp\/v2\/product\/2292","targetHints":{"allow":["GET"]}}],"collection":[{"href":"https:\/\/demoniomuebles.com.ar\/index.php?rest_route=\/wp\/v2\/product"}],"about":[{"href":"https:\/\/demoniomuebles.com.ar\/index.php?rest_route=\/wp\/v2\/types\/product"}],"wp:featuredmedia":[{"embeddable":true,"href":"https:\/\/demoniomuebles.com.ar\/index.php?rest_route=\/wp\/v2\/media\/2296"}],"wp:attachment":[{"href":"https:\/\/demoniomuebles.com.ar\/index.php?rest_route=%2Fwp%2Fv2%2Fmedia&parent=2292"}],"wp:term":[{"taxonomy":"product_brand","embeddable":true,"href":"https:\/\/demoniomuebles.com.ar\/index.php?rest_route=%2Fwp%2Fv2%2Fproduct_brand&post=2292"},{"taxonomy":"product_cat","embeddable":true,"href":"https:\/\/demoniomuebles.com.ar\/index.php?rest_route=%2Fwp%2Fv2%2Fproduct_cat&post=2292"},{"taxonomy":"product_tag","embeddable":true,"href":"https:\/\/demoniomuebles.com.ar\/index.php?rest_route=%2Fwp%2Fv2%2Fproduct_tag&post=2292"}],"curies":[{"name":"wp","href":"https:\/\/api.w.org\/{rel}","templated":true}]}}