{"id":2396,"date":"2025-11-04T19:00:10","date_gmt":"2025-11-04T19:00:10","guid":{"rendered":"https:\/\/demoniomuebles.com.ar\/?post_type=product&#038;p=2396"},"modified":"2025-12-11T17:59:53","modified_gmt":"2025-12-11T17:59:53","slug":"mesa-de-luz-35cmx35cm-x-50cm","status":"publish","type":"product","link":"https:\/\/demoniomuebles.com.ar\/?product=mesa-de-luz-35cmx35cm-x-50cm","title":{"rendered":"Mesa de Luz 35cmx35cm x 50cm"},"content":{"rendered":"<p>Mesa de luz de melamina blanca con fondo.<\/p>\n<p>2 estantes<\/p>\n<p>1 caj\u00f3n con herraje<\/p>\n<p>Medidas = 35cm x 35cm de profundidad y 50cm de alto.<\/p>\n<p>Env\u00edo a todo el pa\u00eds<\/p>\n","protected":false},"excerpt":{"rendered":"<p>Mesa de luz de melamina blanca con fondo. 2 estantes 1 caj\u00f3n con herraje Medidas = 35cm x 35cm de profundidad y 50cm de alto. Env\u00edo a todo el pa\u00eds<\/p>\n","protected":false},"featured_media":2397,"template":"","meta":{"om_disable_all_campaigns":false,"_monsterinsights_skip_tracking":false,"_monsterinsights_sitenote_active":false,"_monsterinsights_sitenote_note":"","_monsterinsights_sitenote_category":0},"product_brand":[],"product_cat":[50,25],"product_tag":[],"class_list":{"0":"post-2396","1":"product","2":"type-product","3":"status-publish","4":"has-post-thumbnail","6":"product_cat-linea-family","7":"product_cat-mesa-de-luz","8":"wpbf-post","11":"instock","12":"shipping-taxable","13":"purchasable","14":"product-type-simple"},"_links":{"self":[{"href":"https:\/\/demoniomuebles.com.ar\/index.php?rest_route=\/wp\/v2\/product\/2396","targetHints":{"allow":["GET"]}}],"collection":[{"href":"https:\/\/demoniomuebles.com.ar\/index.php?rest_route=\/wp\/v2\/product"}],"about":[{"href":"https:\/\/demoniomuebles.com.ar\/index.php?rest_route=\/wp\/v2\/types\/product"}],"wp:featuredmedia":[{"embeddable":true,"href":"https:\/\/demoniomuebles.com.ar\/index.php?rest_route=\/wp\/v2\/media\/2397"}],"wp:attachment":[{"href":"https:\/\/demoniomuebles.com.ar\/index.php?rest_route=%2Fwp%2Fv2%2Fmedia&parent=2396"}],"wp:term":[{"taxonomy":"product_brand","embeddable":true,"href":"https:\/\/demoniomuebles.com.ar\/index.php?rest_route=%2Fwp%2Fv2%2Fproduct_brand&post=2396"},{"taxonomy":"product_cat","embeddable":true,"href":"https:\/\/demoniomuebles.com.ar\/index.php?rest_route=%2Fwp%2Fv2%2Fproduct_cat&post=2396"},{"taxonomy":"product_tag","embeddable":true,"href":"https:\/\/demoniomuebles.com.ar\/index.php?rest_route=%2Fwp%2Fv2%2Fproduct_tag&post=2396"}],"curies":[{"name":"wp","href":"https:\/\/api.w.org\/{rel}","templated":true}]}}